(b) = 4*b**2 + 95*b - 37. Determine d(-24).
-13
Let d(y) = -32*y - 59. Determine d(3).
-155
Let d(v) = v**2 + 35*v + 206. What is d(-26)?
-28
Let z(r) = 2*r**2 - 25*r + 74. Calculate z(5).
-1
Let n(j) = 4*j**2 - 300*j - 1270. What is n(-4)?
-6
Let z(y) = 34*y + 20. Give z(-4).
-116
Let o(z) = -z**3 - 7*z**2 + 1191*z + 8344. Calculate o(-7).
7
Let a(r) = -r**2 + 2246*r + 61410. What is a(-27)?
39
Let w(z) = 338*z + 7768. What is w(-23)?
-6
Let x(s) = -195*s + 2529. Determine x(13).
-6
Let r(w) = 208*w + 6026. Determine r(-29).
-6
Let s(d) = -2*d**2 - 32*d - 113. Give s(-6).
7
Let a(s) = 18*s + 240. Give a(-14).
-12
Let v(n) = n**2 + 33*n + 137. Calculate v(-29).
21
Let q(u) = u**2 - 53*u + 145. Give q(49).
-51
Let m(u) = -6*u - 106. Calculate m(-33).
92
Let j(k) = -7*k - 438. Calculate j(-56).
-46
Let u(k) = 29*k**2 - 529*k + 24. Calculate u(18).
-102
Let l(j) = 56*j + 845. What is l(-15)?
5
Let x(a) = 14*a + 810. Calculate x(-26).
446
Let r(k) = 27*k - 97. Calculate r(4).
11
Let v(a) = 6*a + 87. What is v(-12)?
15
Let y(l) = -l**3 - 134*l**2 + 2235*l + 7. Determine y(-149).
7
Let v(w) = 124*w + 423. Give v(-2).
175
Let i(b) = -20*b**2 + 197*b + 26. Calculate i(10).
-4
Let o(i) = -164*i - 504. Give o(-2).
-176
Let g(u) = -114*u - 1713. What is g(-15)?
-3
Let u(i) = i**3 - 15*i**2 - 2402*i + 31558. Give u(13).
-6
Let g(l) = 14*l - 511. Give g(39).
35
Let z(l) = 2*l**3 - 11*l**2 + 660*l - 3274. Give z(5).
1
Let b(d) = d**2 - 45*d - 564. Determine b(55).
-14
Let y(i) = -13*i**3 - 5*i**2 + 3*i + 7. What is y(0)?
7
Let d(a) = 55*a + 316. Calculate d(-6).
-14
Let w(a) = -3*a**2 - 87*a - 75. What is w(-28)?
9
Let m(s) = -246*s - 1957. Determine m(-8).
11
Let u(p) = 3*p**2 + 55*p. What is u(-22)?
242
Let k(l) = 126*l + 4906. Give k(-39).
-8
Let v(j) = 179*j + 751. Give v(-4).
35
Let z(t) = 93*t + 6410. Calculate z(-69).
-7
Let t(i) = -2*i + 89. What is t(84)?
-79
Let z(o) = 3*o**2 + 24*o - 188. Determine z(-13).
7
Let z(r) = -r**3 - 198*r**2 - 975*r - 22. What is z(-5)?
28
Let m(p) = 33*p**2 - 146*p + 444. Give m(3).
303
Let r(d) = 44*d**2 + 46*d - 86. What is r(2)?
182
Let g(n) = -n**3 + 16*n**2 - 42*n - 20. Give g(4).
4
Let o(i) = 2*i**3 + 131*i**2 + 442*i + 478. Determine o(-62).
-18
Let f(z) = 14*z + 77. Determine f(-13).
-105
Let r(o) = -3*o**2 + 9*o + 126. Give r(-7).
-84
Let c(u) = 3*u**3 - 2*u**2 + u. Give c(1).
2
Let b(h) = -h**2 - 22*h + 1248. What is b(26)?
0
Let q(o) = -o**3 + 38*o**2 - 37*o - 69. Determine q(37).
-69
Let n(v) = 2702*v - 5447. Calculate n(2).
-43
Let m(y) = 7*y**2 + 35*y + 147. What is m(-6)?
189
Let n(r) = -133*r + 3203. Give n(24).
11
Let w(b) = -3*b**3 + 126*b**2 - 368*b - 11. Determine w(3).
-62
Let h(v) = -11*v**3 - 33*v**2 - 6*v - 11. Give h(-3).
7
Let m(n) = -2*n**3 - 9*n**2 - 9. What is m(-5)?
16
Let o(a) = 41*a + 464. What is o(-10)?
54
Let m(n) = 57*n**3 - 3*n**2 - 2*n + 13. Determine m(-2).
-451
Let r(q) = q**2 + 9*q - 84. Determine r(-12).
-48
Let i(f) = -66*f**2 + 40*f - 117. Calculate i(3).
-591
Let k(j) = -197*j**2 - 61*j - 63. Give k(-1).
-199
Let c(b) = 72*b + 306. Determine c(-4).
18
Let i(q) = -2*q**3 - 70*q**2 + 755*q + 26446. What is i(-35)?
21
Let o(p) = -40*p - 74. Give o(-2).
6
Let r(j) = -j**3 - 281*j**2 + 2306*j + 43. Determine r(8).
-5
Let t(c) = -14*c**2 + 702*c - 146. Give t(49).
638
Let n(j) = -7*j**3 - 57*j**2 + 11*j + 175. What is n(-8)?
23
Let f(q) = 3*q**2 + 164*q + 111. Give f(-54).
3
Let a(s) = -s**2 + 183*s - 1086. Determine a(6).
-24
Let j(h) = -121*h + 1065. Determine j(9).
-24
Let w(k) = -k**3 + 68*k**2 - 125*k - 334. Calculate w(66).
128
Let g(u) = -3*u - 106. Calculate g(13).
-145
Let a(n) = 5*n**2 - 99*n + 28. What is a(19)?
-48
Let p(l) = l**3 - 13*l**2 - 40*l + 15. What is p(14)?
-349
Let p(w) = 2*w**3 + 15*w**2 - 11*w - 7. Determine p(-7).
119
Let j(z) = 628*z + 45838. What is j(-73)?
-6
Let i(p) = 35*p**2 - 166*p + 320. Determine i(2).
128
Let v(c) = -2*c**3 + 3*c**2 + c + 1. Determine v(3).
-23
Let i(a) = 183*a - 1458. Determine i(8).
6
Let z(c) = 2*c**3 - 49*c**2 + 30*c + 10. What is z(24)?
154
Let v(m) = 3345*m - 23430. What is v(7)?
-15
Let k(c) = c**3 + 20*c**2 - 26*c - 18. Calculate k(-21).
87
Let v(r) = -79*r - 5687. Determine v(-72).
1
Let h(q) = 3047*q - 36546. What is h(12)?
18
Let a(l) = -7*l**3 + 31*l**2 - 55*l + 308. Calculate a(5).
-67
Let z(n) = -n**3 - 14*n**2 + 124*n + 63. Determine z(-20).
-17
Let o(j) = 2*j**2 + 37*j + 9. Give o(-15).
-96
Let j(g) = -2*g**3 - 199*g**2 + 95*g - 469. What is j(-100)?
31
Let v(f) = -23*f + 121. Give v(4).
29
Let n(s) = s**2 + 14*s - 114. Calculate n(-21).
33
Let p(j) = -j**3 + 17*j**2 + 89*j - 971. Determine p(19).
-2
Let a(c) = -2288*c - 2295. Give a(-1).
-7
Let j(p) = 3*p**2 - 403*p - 6075. Calculate j(148).
-7
Let f(v) = -60*v**2 + 838*v. Calculate f(14).
-28
Let q(l) = l**3 - 15*l**2 - 299*l + 4245. Determine q(13).
20
Let m(s) = -2*s**3 + 4*s**2 + 8*s - 13. What is m(5)?
-123
Let n(m) = -10*m**3 + 229*m**2 + 13*m + 230. Give n(23).
0
Let w(o) = o**3 + 18*o**2 + 42*o + 15. Give w(-6).
195
Let m(d) = 3*d**3 + 50*d**2 + 36*d + 11. What is m(-16)?
-53
Let s(j) = 1641*j + 14781. Determine s(-9).
12
Let p(t) = 688*t - 14453. Calculate p(21).
-5
Let g(d) = -5*d + 241. Determine g(8).
201
Let r(c) = c**3 - 16*c**2 + 30*c - 38. Determine r(14).
-10
Let x(w) = -736*w + 637. Determine x(1).
-99
Let a(x) = -2*x**2 + 15*x - 27. Determine a(8).
-35
Let u(t) = t**3 + 20*t**2 + 40*t + 70. Give u(-18).
-2
Let w(r) = -8338*r - 108404. Determine w(-13).
-10
Let a(y) = -42*y + 1087. Give a(15).
457
Let o(k) = -k**3 - 20*k**2 + 146*k - 273. Calculate o(-26).
-13
Let h(z) = -150*z + 12745. Determine h(85).
-5
Let v(g) = -2*g**3 + 10*g**2 + 64*g - 107. What is v(-5)?
73
Let j(o) = 56*o**3 + 40*o - 89. Calculate j(2).
439
Let c(g) = 1270*g - 43186. What is c(34)?
-6
Let i(l) = l**2 - 83*l + 1597. Determine i(50).
-53
Let l(s) = -s**3 - 4*s**2 + 282*s + 48. What is l(15)?
3
Let u(y) = 25*y**2 - 80*y + 61. Calculate u(1).
6
Let a(k) = 414*k + 2207. Determine a(-5).
137
Let t(n) = n**3 + 17*n**2 + 19*n + 28. What is t(-16)?
-20
Let s(n) = n**3 + 15*n**2 + 56*n + 44. What is s(-11)?
-88
Let k(b) = 122*b + 243. Calculate k(-6).
-489
Let p(q) = q**2 + 22*q - 247. What is p(-32)?
73
Let q(t) = -2*t**3 - 89*t**2 - 207*t + 122. Determine q(-42).
-4
Let a(c) = -44*c + 405. What is a(10)?
-35
Let n(a) = 15*a**3 + 6*a**2 + 21*a + 1. Calculate n(-3).
-413
Let o(z) = 6*z**2 - 37*z - 36. Calculate o(7).
-1
Let j(t) = 5*t**3 + 3*t**2 + 26*t - 49. Calculate j(2).
55
Let z(y) = y**3 + 11*y**2 + 12*y - 109. What is z(-8)?
-13
Let h(s) = -2*s**3 + 26*s**2 - 9*s + 4. Give h(12).
184
Let f(i) = 10*i - 197. Give f(28).
83
Let w(y) = 2*y**2 - 48*y + 161. Calculate w(21).
35
Let u(s) = 313*s - 4065. What is u(13)?
4
Let q(y) = -y**3 + 11*y**2 - 51*y + 132. What is q(6)?
6
Let x(f) = -2*f + 122. Calculate x(48).
26
Let s(y) = 11*y**3 + 3*y**2 - 32*y - 32. Determine s(-1).
-8
Let j(a) = -9*a**3 - 7*a**2 - 10*a - 3. Calculate j(-1).
9
Let c(m) = m**2 + 34*m - 2643. Calculate c(-71).
-16
Let a(w) = w**2 - 7802*w + 85706. Give a(11).
5
Let q(i) = i**3 + 20*i**2 + 69*i - 76. What is q(-15)?
14
Let z(v) = -3*v**3 - 3*v**2 - 2*v + 1. Calculate z(-1).
3
Let a(v) = 5*v**3 - 32*v**2 - 85*v - 52. Determine a(-1).
-4
Let n(p) = -p**3 + 14*p**2 + p - 13. Calculate n(-1).
1
Let g(j) = -3*j - 37. What is g(21)?
-100
Let t(u) = 60*u - 967. What is t(23)?
413
Let i(t) = -t**2 + 38*t + 121. Give i(0).
121
Let x(v) = -9*v**2 + 73*v - 823. Give x(12).
-1243
Let w(j) = -j**3 + 14*j**2 - 10*j + 16. Calculate w(12).
184
Let v(f) = 591*f + 4738. What is v(-8)?
10
Let f(b) = -b**2 + 392*b + 2423. Determine f(-6).
35
Let v(k) = 3*k**2 + 40*k - 24. Give v(-14).
4
Let o(k) = 4*k**2 + 87*k - 307. Determine o(-23).
-192
Let g(c) = 273*c + 2764. Give g(-11).
-239
Let k(g) = -2271*g - 52225. Calculate k(-23).
8
Let i(h) = h**3 - 228*h**2 - 2126*h - 1643. Determine i(237).
16
Let j(o) = 149*o - 366. Give j(4).
230
Let u(a) = -2*a**3 + 22*a**2 - 6*a. What is u(11)?
-66
Let a(t) = 551*t - 1645. Calculate a(3).
8
Let f(m) = -957*m + 3856. Calculate f(4).
28
Let s(o) = -13*o**2 - 28*o + 32. Calculate s(6).
-604
Let y(p) = 5*p**2 + 2*p - 35. Determine y(3).
16
Let z(b) = -2*b**3 + 26*b**2 + 2*b - 18. Calc